{"id":75111,"date":"2022-03-10T15:40:00","date_gmt":"2022-03-10T14:40:00","guid":{"rendered":"https:\/\/secureus.se\/produkt\/abloy-eltryckeslas-el482-29mm\/"},"modified":"2026-04-01T13:01:28","modified_gmt":"2026-04-01T11:01:28","slug":"abloy-eltryckeslas-el482-29mm","status":"publish","type":"product","link":"https:\/\/secureus.se\/fi\/abloy-eltryckeslas-el482-29mm\/","title":{"rendered":"Abloy S\u00e4hk\u00f6inen ty\u00f6nt\u00f6lukko EL482 29mm"},"content":{"rendered":"<h3>K\u00e4ytt\u00f6alue<\/h3>\n<p>S\u00e4hk\u00f6inen painelukko EL482 on monitoimilukko, joka soveltuu kapeaprofiilirakenteisiin suurtaajuusoviin.<\/p>\n<p>soveltuu p\u00e4iv\u00e4lukitukseksi ja sis\u00e4lukitukseksi kaupassa, toimistoissa ja teollisuudessa tai sis\u00e4\u00e4nk\u00e4yntiin ja julkisiin tiloihin monikotitaloissa ABLOY EL480 voidaan k\u00e4ytt\u00e4\u00e4 palokennon reunassa.<\/p>\n<h3>Ominaisuudet<\/h3>\n<p>\u2022 Lukittu paineh\u00e4vi\u00f6<\/p>\n<p>\u2022 Lukkoa voi aina k\u00e4ytt\u00e4\u00e4 sylinterill\u00e4\/nupilla<\/p>\n<p>\u2022 Monitoiminen<\/p>\n<p>\u2013 12-24VDC, vakaa<\/p>\n<p>\u2013 helposti vaihdettava eteen\/taakse-toiminto<\/p>\n<p>2 mikrokytkint\u00e4<\/p>\n<p>\u2013 Lukitus (oviasento)<\/p>\n<p>\u2013 Puristusliike 29 tai 35 mm karan syvyys<\/p>\n<p>\u2022 Kaikki kaapelit on varustettu liittimill\u00e4 helppoa asennusta varten liit\u00e4nt\u00e4kaapelilla EA220<\/p>\n<p>\u2022 T\u00e4ysin sovitettu ASSA ABLOY -syvennysstandardin mukaan<\/p>\n<h3>Toiminto<\/h3>\n<p>EL482 vakiotoiminnolla<\/p>\n<p>\u2013 S\u00e4hk\u00f6k\u00e4ytt\u00f6inen ulko- ja sis\u00e4paine<\/p>\n<h3>Tekniset tiedot<\/h3>\n<p>\u2022 Tehonkulutus Max. 350mA<\/p>\n<p>\u2022 Lepo 120 mA<\/p>\n<p>\u2022 Mikrokytkin Yksinapainen kytkent\u00e4 Max. 30 VDC, 400 mA<\/p>","protected":false},"excerpt":{"rendered":"<p>K\u00e4ytt\u00f6alue S\u00e4hk\u00f6inen painelukko EL482 on monitoimilukko, joka soveltuu korkeataajuisiin oviin kapealla profiililla. soveltuu p\u00e4iv\u00e4- ja sis\u00e4lukitukseksi kaupassa, toimistoissa ja teollisuudessa tai sis\u00e4\u00e4nk\u00e4ynneiss\u00e4 ja julkisissa tiloissa<\/p>","protected":false},"featured_media":145604,"template":"","meta":{"_acf_changed":false},"product_brand":[],"product_cat":[2429],"product_tag":[2929,2286,2417],"class_list":{"0":"post-75111","1":"product","2":"type-product","3":"status-publish","4":"has-post-thumbnail","6":"product_cat-ellas","7":"product_tag-abloy-el482","8":"product_tag-ellas-eltryckeslas","9":"product_tag-rel-abloy-ellas","10":"product_shipping_class-tunga-paket","11":"pa_brands-abloy","12":"tm-no-options","14":"first","15":"instock","16":"sale","17":"featured","18":"taxable","19":"shipping-taxable","20":"purchasable","21":"product-type-simple"},"acf":[],"_links":{"self":[{"href":"https:\/\/secureus.se\/fi\/wp-json\/wp\/v2\/product\/75111","targetHints":{"allow":["GET"]}}],"collection":[{"href":"https:\/\/secureus.se\/fi\/wp-json\/wp\/v2\/product"}],"about":[{"href":"https:\/\/secureus.se\/fi\/wp-json\/wp\/v2\/types\/product"}],"wp:featuredmedia":[{"embeddable":true,"href":"https:\/\/secureus.se\/fi\/wp-json\/wp\/v2\/media\/145604"}],"wp:attachment":[{"href":"https:\/\/secureus.se\/fi\/wp-json\/wp\/v2\/media?parent=75111"}],"wp:term":[{"taxonomy":"product_brand","embeddable":true,"href":"https:\/\/secureus.se\/fi\/wp-json\/wp\/v2\/product_brand?post=75111"},{"taxonomy":"product_cat","embeddable":true,"href":"https:\/\/secureus.se\/fi\/wp-json\/wp\/v2\/product_cat?post=75111"},{"taxonomy":"product_tag","embeddable":true,"href":"https:\/\/secureus.se\/fi\/wp-json\/wp\/v2\/product_tag?post=75111"}],"curies":[{"name":"wp","href":"https:\/\/api.w.org\/{rel}","templated":true}]}}

Abloy Sähköinen työntölukko EL482 29mm

<h3>Käyttöalue</h3>
<p>Sähköinen painelukko EL482 on monitoimilukko, joka soveltuu kapeaprofiilirakenteisiin suurtaajuusoviin.</p>
<p>soveltuu päivälukitukseksi ja sisälukitukseksi kaupassa, toimistoissa ja teollisuudessa tai sisäänkäyntiin ja julkisiin tiloihin monikotitaloissa ABLOY EL480 voidaan käyttää palokennon reunassa.</p>
<h3>Ominaisuudet</h3>
<p>• Lukittu painehäviö</p>
<p>• Lukkoa voi aina käyttää sylinterillä/nupilla</p>
<p>• Monitoiminen</p>
<p>– 12-24VDC, vakaa</p>
<p>– helposti vaihdettava eteen/taakse-toiminto</p>
<p>2 mikrokytkintä</p>
<p>– Lukitus (oviasento)</p>
<p>– Puristusliike 29 tai 35 mm karan syvyys</p>
<p>• Kaikki kaapelit on varustettu liittimillä helppoa asennusta varten liitäntäkaapelilla EA220</p>
<p>• Täysin sovitettu ASSA ABLOY -syvennysstandardin mukaan</p>
<h3>Toiminto</h3>
<p>EL482 vakiotoiminnolla</p>
<p>– Sähkökäyttöinen ulko- ja sisäpaine</p>
<h3>Tekniset tiedot</h3>
<p>• Tehonkulutus Max. 350mA</p>
<p>• Lepo 120 mA</p>
<p>• Mikrokytkin Yksinapainen kytkentä Max. 30 VDC, 400 mA</p>

<p>Käyttöalue Sähköinen painelukko EL482 on monitoimilukko, joka soveltuu korkeataajuisiin oviin kapealla profiililla. soveltuu päivä- ja sisälukitukseksi kaupassa, toimistoissa ja teollisuudessa tai sisäänkäynneissä ja julkisissa tiloissa</p>
